{"id":349,"date":"2018-10-03T12:09:11","date_gmt":"2018-10-03T12:09:11","guid":{"rendered":"http:\/\/thulaptopcugiacao.com\/?page_id=349"},"modified":"2021-07-22T08:31:11","modified_gmt":"2021-07-22T08:31:11","slug":"ban-quyen","status":"publish","type":"page","link":"https:\/\/thulaptopcugiacao.com\/?page_id=349","title":{"rendered":"B\u1ea3n Quy\u1ec1n"},"content":{"rendered":"<div class=\"social-ring\"><span style=\"font-family: verdana, geneva, sans-serif;\">\u00a0<\/span><\/div>\n<p><span style=\"font-family: verdana, geneva, sans-serif;\"><strong>X\u00e1c nh\u1eadn b\u1ea3n quy\u1ec1n t\u1ea5t c\u1ea3 b\u00e0i vi\u1ebft v\u00e0 h\u00ecnh \u1ea3nh t\u1ea1i<\/strong>\u00a0<a href=\"https:\/\/thuLaptopCuGiaCao.com\">ThuLaptopCuGiaCao.com<\/a><\/span><\/p>\n<ul>\n<li><span style=\"font-family: verdana, geneva, sans-serif;\">T\u00f4i cam k\u1ebft l\u00e0 t\u1ea5t c\u1ea3 c\u00e1c b\u00e0i vi\u1ebft t\u1ea1i\u00a0Thu Mua Laptop c\u0169\u00a0l\u00e0 do t\u00f4i t\u1ef1 vi\u1ebft ra. N\u00ean khi b\u1ea1n c\u00f3 \u00fd \u0111\u1ecbnh copy sao ch\u00e9p l\u1ea1i b\u1ea5t c\u1ee9 h\u00ecnh \u1ea3nh hay b\u00e0i vi\u1ebft n\u00e0o t\u1ea1i website t\u00f4i, xin vui l\u00f2ng ghi r\u1ecf ngu\u1ed3n v\u00e0 \u0111\u1ec3 \u0111\u01b0\u1eddng link tr\u1ecf v\u1ec1 b\u00e0i vi\u1ebft g\u00f3c t\u1ea1i trang web\u00a0ThuLaptopCuGiaCao.com<\/span><\/li>\n<li><span style=\"font-family: verdana, geneva, sans-serif;\">B\u1ea1n \u0111\u01b0\u1ee3c s\u1eed d\u1ee5ng b\u00e0i vi\u1ebft v\u00e0 h\u00ecnh \u1ea3nh c\u1ee7a website t\u00f4i, nh\u01b0ng b\u1ea1n kh\u00f4ng \u0111\u01b0\u1ee3c ch\u1ec9nh s\u1eeda n\u1ed9i dung b\u00e0i vi\u1ebft \u0111\u1ec3 g\u00e2y hi\u1ec3u l\u1ea7m cho ng\u01b0\u1eddi \u0111\u1ecdc v\u00e0 kh\u00e1ch h\u00e0ng c\u1ee7a t\u00f4i<\/span><\/li>\n<li><span style=\"font-family: verdana, geneva, sans-serif;\">B\u1ea1n kh\u00f4ng \u0111\u01b0\u1ee3c s\u1eed d\u1ee5ng b\u00e0i vi\u1ebft v\u1edbi m\u1ee5c \u0111\u00edch th\u01b0\u01a1ng m\u1ea1i<\/span><\/li>\n<li><span style=\"font-family: verdana, geneva, sans-serif;\">H\u00ecnh \u1ea3nh c\u00f3 \u0111\u00f3ng d\u1ea5u kh\u00f4ng \u0111\u01b0\u1ee3c t\u1ea9y x\u00f3a<\/span><\/li>\n<\/ul>\n<p><span style=\"font-family: verdana, geneva, sans-serif;\">N\u1ebfu nh\u01b0 b\u1ea1n kh\u00f4ng th\u1ef1c hi\u1ec7n \u0111\u00fang v\u1edbi c\u00e1c ph\u1ea7n tr\u00ean khi s\u1eed d\u1ee5ng b\u00e0i vi\u1ebft \u1edf site t\u00f4i, th\u00ec t\u00f4i \u0111\u00e0nh ph\u1ea3i Report site c\u1ee7a b\u1ea1n l\u00ean Google DMCA .<\/span><br \/>\n<span style=\"font-family: verdana, geneva, sans-serif;\"> Tuy n\u1ed9i dung t\u00f4i vi\u1ebft kh\u00f4ng hay, nh\u01b0ng \u0111\u00f3 l\u00e0 c\u00f4ng s\u1ee9c c\u1ee7a ch\u00ednh t\u00f4i, mong b\u1ea1n tr\u00e2n tr\u1ecdng, c\u1ea3m \u01a1n !<\/span><\/p>\n<p><span style=\"font-family: verdana, geneva, sans-serif;\">M\u1ecdi th\u1eafc m\u1eafc vui l\u00f2ng li\u00ean h\u1ec7 v\u1edbi t\u00f4i theo th\u00f4ng tin tr\u00ean website.<\/span><\/p>\n<p><span style=\"font-family: verdana, geneva, sans-serif;\">Xin c\u1ea3m \u01a1n c\u00e1c b\u1ea1n.<\/span><\/p>\n<div style=\"display: none;\"\n    class=\"kk-star-ratings kksr-valign-bottom kksr-align-left kksr-disabled\"\n    data-id=\"349\"\n    data-slug=\"\">\n    <div class=\"kksr-stars\">\n    <div class=\"kksr-stars-inactive\">\n            <div class=\"kksr-star\" data-star=\"1\">\n            <div class=\"kksr-icon\" style=\"width: px; height: px;\"><\/div>\n        <\/div>\n            <div class=\"kksr-star\" data-star=\"2\">\n            <div class=\"kksr-icon\" style=\"width: px; height: px;\"><\/div>\n        <\/div>\n            <div class=\"kksr-star\" data-star=\"3\">\n            <div class=\"kksr-icon\" style=\"width: px; height: px;\"><\/div>\n        <\/div>\n            <div class=\"kksr-star\" data-star=\"4\">\n            <div class=\"kksr-icon\" style=\"width: px; height: px;\"><\/div>\n        <\/div>\n            <div class=\"kksr-star\" data-star=\"5\">\n            <div class=\"kksr-icon\" style=\"width: px; height: px;\"><\/div>\n        <\/div>\n    <\/div>\n    <div class=\"kksr-stars-active\" style=\"width: 0px;\">\n            <div class=\"kksr-star\">\n            <div class=\"kksr-icon\" style=\"width: px; height: px;\"><\/div>\n        <\/div>\n            <div class=\"kksr-star\">\n            <div class=\"kksr-icon\" style=\"width: px; height: px;\"><\/div>\n        <\/div>\n            <div class=\"kksr-star\">\n            <div class=\"kksr-icon\" style=\"width: px; height: px;\"><\/div>\n        <\/div>\n            <div class=\"kksr-star\">\n            <div class=\"kksr-icon\" style=\"width: px; height: px;\"><\/div>\n        <\/div>\n            <div class=\"kksr-star\">\n            <div class=\"kksr-icon\" style=\"width: px; height: px;\"><\/div>\n        <\/div>\n    <\/div>\n<\/div>\n    <div class=\"kksr-legend\">\n            <strong class=\"kksr-score\">5<\/strong>\n        <span class=\"kksr-muted\">\/<\/span>\n        <strong>5<\/strong>\n        <span class=\"kksr-muted\">(<\/span>\n        <strong class=\"kksr-count\">1<\/strong>\n        <span class=\"kksr-muted\">\n            b\u00ecnh ch\u1ecdn        <\/span>\n        <span class=\"kksr-muted\">)<\/span>\n    <\/div>\n<\/div>\n","protected":false},"excerpt":{"rendered":"<p>\u00a0 X\u00e1c nh\u1eadn b\u1ea3n quy\u1ec1n t\u1ea5t c\u1ea3 b\u00e0i vi\u1ebft v\u00e0 h\u00ecnh \u1ea3nh t\u1ea1i\u00a0ThuLaptopCuGiaCao.com T\u00f4i cam k\u1ebft l\u00e0 t\u1ea5t c\u1ea3 c\u00e1c b\u00e0i vi\u1ebft t\u1ea1i\u00a0Thu Mua Laptop c\u0169\u00a0l\u00e0 do t\u00f4i t\u1ef1 vi\u1ebft ra. N\u00ean khi b\u1ea1n c\u00f3 \u00fd \u0111\u1ecbnh copy sao ch\u00e9p l\u1ea1i b\u1ea5t c\u1ee9 h\u00ecnh \u1ea3nh hay b\u00e0i vi\u1ebft n\u00e0o t\u1ea1i website t\u00f4i, xin vui l\u00f2ng [&hellip;]<\/p>\n","protected":false},"author":1,"featured_media":0,"parent":0,"menu_order":0,"comment_status":"closed","ping_status":"closed","template":"","meta":[],"yoast_head":"<!-- This site is optimized with the Yoast SEO plugin v16.9 - https:\/\/yoast.com\/wordpress\/plugins\/seo\/ -->\n<meta name=\"robots\" content=\"index, follow, max-snippet:-1, max-image-preview:large, max-video-preview:-1\" \/>\n<link rel=\"canonical\" href=\"https:\/\/thulaptopcugiacao.com\/?page_id=349\" \/>\n<meta property=\"og:locale\" content=\"vi_VN\" \/>\n<meta property=\"og:type\" content=\"article\" \/>\n<meta property=\"og:title\" content=\"B\u1ea3n Quy\u1ec1n - Thu mua Laptop c\u0169\" \/>\n<meta property=\"og:description\" content=\"\u00a0 X\u00e1c nh\u1eadn b\u1ea3n quy\u1ec1n t\u1ea5t c\u1ea3 b\u00e0i vi\u1ebft v\u00e0 h\u00ecnh \u1ea3nh t\u1ea1i\u00a0ThuLaptopCuGiaCao.com T\u00f4i cam k\u1ebft l\u00e0 t\u1ea5t c\u1ea3 c\u00e1c b\u00e0i vi\u1ebft t\u1ea1i\u00a0Thu Mua Laptop c\u0169\u00a0l\u00e0 do t\u00f4i t\u1ef1 vi\u1ebft ra. N\u00ean khi b\u1ea1n c\u00f3 \u00fd \u0111\u1ecbnh copy sao ch\u00e9p l\u1ea1i b\u1ea5t c\u1ee9 h\u00ecnh \u1ea3nh hay b\u00e0i vi\u1ebft n\u00e0o t\u1ea1i website t\u00f4i, xin vui l\u00f2ng [&hellip;]\" \/>\n<meta property=\"og:url\" content=\"https:\/\/thulaptopcugiacao.com\/?page_id=349\" \/>\n<meta property=\"og:site_name\" content=\"Thu mua Laptop c\u0169\" \/>\n<meta property=\"article:modified_time\" content=\"2021-07-22T08:31:11+00:00\" \/>\n<meta name=\"twitter:card\" content=\"summary\" \/>\n<meta name=\"twitter:label1\" content=\"\u01af\u1edbc t\u00ednh th\u1eddi gian \u0111\u1ecdc\" \/>\n\t<meta name=\"twitter:data1\" content=\"2 ph\u00fat\" \/>\n<script type=\"application\/ld+json\" class=\"yoast-schema-graph\">{\"@context\":\"https:\/\/schema.org\",\"@graph\":[{\"@type\":\"WebSite\",\"@id\":\"https:\/\/thulaptopcugiacao.com\/#website\",\"url\":\"https:\/\/thulaptopcugiacao.com\/\",\"name\":\"Thu mua Laptop c\\u0169\",\"description\":\"Thu mua Laptop T\\u1eadn n\\u01a1i TPHCM 0908.808806. D\\u1ecbch v\\u1ee5 chuy\\u00ean thu mua Laptop c\\u0169 gi\\u00e1 cao nh\\u1ea5t HCM. C\\u00f4ng ty thu mua Laptop c\\u0169 t\\u1eadn n\\u01a1i, kh\\u00f4ng k\\u1ef3 k\\u00e8o \\u00e9p gi\\u00e1.\",\"potentialAction\":[{\"@type\":\"SearchAction\",\"target\":{\"@type\":\"EntryPoint\",\"urlTemplate\":\"https:\/\/thulaptopcugiacao.com\/?s={search_term_string}\"},\"query-input\":\"required name=search_term_string\"}],\"inLanguage\":\"vi\"},{\"@type\":\"WebPage\",\"@id\":\"https:\/\/thulaptopcugiacao.com\/?page_id=349#webpage\",\"url\":\"https:\/\/thulaptopcugiacao.com\/?page_id=349\",\"name\":\"B\\u1ea3n Quy\\u1ec1n - Thu mua Laptop c\\u0169\",\"isPartOf\":{\"@id\":\"https:\/\/thulaptopcugiacao.com\/#website\"},\"datePublished\":\"2018-10-03T12:09:11+00:00\",\"dateModified\":\"2021-07-22T08:31:11+00:00\",\"breadcrumb\":{\"@id\":\"https:\/\/thulaptopcugiacao.com\/?page_id=349#breadcrumb\"},\"inLanguage\":\"vi\",\"potentialAction\":[{\"@type\":\"ReadAction\",\"target\":[\"https:\/\/thulaptopcugiacao.com\/?page_id=349\"]}]},{\"@type\":\"BreadcrumbList\",\"@id\":\"https:\/\/thulaptopcugiacao.com\/?page_id=349#breadcrumb\",\"itemListElement\":[{\"@type\":\"ListItem\",\"position\":1,\"name\":\"Home\",\"item\":\"https:\/\/thulaptopcugiacao.com\/\"},{\"@type\":\"ListItem\",\"position\":2,\"name\":\"B\\u1ea3n Quy\\u1ec1n\"}]}]}<\/script>\n<!-- \/ Yoast SEO plugin. -->","yoast_head_json":{"robots":{"index":"index","follow":"follow","max-snippet":"max-snippet:-1","max-image-preview":"max-image-preview:large","max-video-preview":"max-video-preview:-1"},"canonical":"https:\/\/thulaptopcugiacao.com\/?page_id=349","og_locale":"vi_VN","og_type":"article","og_title":"B\u1ea3n Quy\u1ec1n - Thu mua Laptop c\u0169","og_description":"\u00a0 X\u00e1c nh\u1eadn b\u1ea3n quy\u1ec1n t\u1ea5t c\u1ea3 b\u00e0i vi\u1ebft v\u00e0 h\u00ecnh \u1ea3nh t\u1ea1i\u00a0ThuLaptopCuGiaCao.com T\u00f4i cam k\u1ebft l\u00e0 t\u1ea5t c\u1ea3 c\u00e1c b\u00e0i vi\u1ebft t\u1ea1i\u00a0Thu Mua Laptop c\u0169\u00a0l\u00e0 do t\u00f4i t\u1ef1 vi\u1ebft ra. N\u00ean khi b\u1ea1n c\u00f3 \u00fd \u0111\u1ecbnh copy sao ch\u00e9p l\u1ea1i b\u1ea5t c\u1ee9 h\u00ecnh \u1ea3nh hay b\u00e0i vi\u1ebft n\u00e0o t\u1ea1i website t\u00f4i, xin vui l\u00f2ng [&hellip;]","og_url":"https:\/\/thulaptopcugiacao.com\/?page_id=349","og_site_name":"Thu mua Laptop c\u0169","article_modified_time":"2021-07-22T08:31:11+00:00","twitter_card":"summary","twitter_misc":{"\u01af\u1edbc t\u00ednh th\u1eddi gian \u0111\u1ecdc":"2 ph\u00fat"},"schema":{"@context":"https:\/\/schema.org","@graph":[{"@type":"WebSite","@id":"https:\/\/thulaptopcugiacao.com\/#website","url":"https:\/\/thulaptopcugiacao.com\/","name":"Thu mua Laptop c\u0169","description":"Thu mua Laptop T\u1eadn n\u01a1i TPHCM 0908.808806. D\u1ecbch v\u1ee5 chuy\u00ean thu mua Laptop c\u0169 gi\u00e1 cao nh\u1ea5t HCM. C\u00f4ng ty thu mua Laptop c\u0169 t\u1eadn n\u01a1i, kh\u00f4ng k\u1ef3 k\u00e8o \u00e9p gi\u00e1.","potentialAction":[{"@type":"SearchAction","target":{"@type":"EntryPoint","urlTemplate":"https:\/\/thulaptopcugiacao.com\/?s={search_term_string}"},"query-input":"required name=search_term_string"}],"inLanguage":"vi"},{"@type":"WebPage","@id":"https:\/\/thulaptopcugiacao.com\/?page_id=349#webpage","url":"https:\/\/thulaptopcugiacao.com\/?page_id=349","name":"B\u1ea3n Quy\u1ec1n - Thu mua Laptop c\u0169","isPartOf":{"@id":"https:\/\/thulaptopcugiacao.com\/#website"},"datePublished":"2018-10-03T12:09:11+00:00","dateModified":"2021-07-22T08:31:11+00:00","breadcrumb":{"@id":"https:\/\/thulaptopcugiacao.com\/?page_id=349#breadcrumb"},"inLanguage":"vi","potentialAction":[{"@type":"ReadAction","target":["https:\/\/thulaptopcugiacao.com\/?page_id=349"]}]},{"@type":"BreadcrumbList","@id":"https:\/\/thulaptopcugiacao.com\/?page_id=349#breadcrumb","itemListElement":[{"@type":"ListItem","position":1,"name":"Home","item":"https:\/\/thulaptopcugiacao.com\/"},{"@type":"ListItem","position":2,"name":"B\u1ea3n Quy\u1ec1n"}]}]}},"_links":{"self":[{"href":"https:\/\/thulaptopcugiacao.com\/index.php?rest_route=\/wp\/v2\/pages\/349"}],"collection":[{"href":"https:\/\/thulaptopcugiacao.com\/index.php?rest_route=\/wp\/v2\/pages"}],"about":[{"href":"https:\/\/thulaptopcugiacao.com\/index.php?rest_route=\/wp\/v2\/types\/page"}],"author":[{"embeddable":true,"href":"https:\/\/thulaptopcugiacao.com\/index.php?rest_route=\/wp\/v2\/users\/1"}],"replies":[{"embeddable":true,"href":"https:\/\/thulaptopcugiacao.com\/index.php?rest_route=%2Fwp%2Fv2%2Fcomments&post=349"}],"version-history":[{"count":11,"href":"https:\/\/thulaptopcugiacao.com\/index.php?rest_route=\/wp\/v2\/pages\/349\/revisions"}],"predecessor-version":[{"id":568,"href":"https:\/\/thulaptopcugiacao.com\/index.php?rest_route=\/wp\/v2\/pages\/349\/revisions\/568"}],"wp:attachment":[{"href":"https:\/\/thulaptopcugiacao.com\/index.php?rest_route=%2Fwp%2Fv2%2Fmedia&parent=349"}],"curies":[{"name":"wp","href":"https:\/\/api.w.org\/{rel}","templated":true}]}}