{"id":360,"date":"2018-10-03T13:49:48","date_gmt":"2018-10-03T13:49:48","guid":{"rendered":"http:\/\/thulaptopcugiacao.com\/?page_id=360"},"modified":"2018-10-03T13:49:48","modified_gmt":"2018-10-03T13:49:48","slug":"lien-he","status":"publish","type":"page","link":"https:\/\/thulaptopcugiacao.com\/?page_id=360","title":{"rendered":"Li\u00ean H\u1ec7"},"content":{"rendered":"<p><span style=\"font-family: verdana, geneva, sans-serif; font-size: 14pt;\">M\u1ecdi v\u1ea5n \u0111\u1ec1 v\u1ec1 s\u1ef1 c\u1ed1 m\u00e1y t\u00ednh c\u0169ng nh\u01b0 nhu c\u1ea7u c\u1ea7n thanh l\u00fd Laptop t\u1eadn n\u01a1i cho c\u00e1c b\u1ea1n. Xin h\u00e3y li\u00ean h\u1ec7 v\u1edbi ch\u00fang t\u00f4i.<\/span><\/p>\n<p style=\"text-align: center;\"><span style=\"font-family: verdana, geneva, sans-serif; font-size: 14pt;\"><strong>0908.808.806 Mr H\u1eadu<\/strong>\u00a0( Zalo, Viber )<\/span><br \/>\n<span style=\"font-family: verdana, geneva, sans-serif; font-size: 14pt;\">D\u1ecbch v\u1ee5\u00a0<strong>thu mua Laptop c\u0169<\/strong>\u00a0t\u1eadn n\u01a1i s\u1ebd ph\u1ee5c v\u1ee5 t\u1eadn t\u00ecnh\u00a0!!!<\/span><\/p>\n<p><span style=\"font-family: verdana, geneva, sans-serif; font-size: 14pt;\">\u0110\u1ecba ch\u1ec9 ch\u00fang t\u00f4i c\u00f3 \u1edf v\u00e0i n\u01a1i, nh\u01b0ng c\u00e1c b\u1ea1n y\u00ean t\u00e2m, ch\u00fang t\u00f4i thu mua t\u1eadn n\u01a1i. Ch\u1ec9 c\u1ea7n c\u00e1c b\u1ea1n cho th\u00f4ng tin ch\u00ednh x\u00e1c v\u1ec1 m\u00e1y, ch\u00fang t\u00f4i b\u00e1o gi\u00e1 v\u00e0 \u0111\u1ebfn t\u1eadn n\u01a1i thu trong khu v\u1ef1c TPHCM.<\/span><\/p>\n<p style=\"text-align: center;\"><span style=\"font-family: verdana, geneva, sans-serif; font-size: 14pt;\">Tr\u1ee5 s\u1edf ch\u00ednh : A7 KP6, T\u00f4 K\u00fd, Trung M\u1ef9 T\u00e2y Q12 ( \u0110\u1ed1i di\u1ec7n ch\u1ee3 T\u00e2n Ch\u00e1nh Hi\u1ec7p)<\/span><\/p>\n<p style=\"text-align: center;\"><span style=\"font-family: verdana, geneva, sans-serif; font-size: 14pt;\">Tr\u1ee5 s\u1edf ph\u1ee5 : Tr\u01b0\u1eddng Chinh Qu\u1eadn T\u00e2n B\u00ecnh ( Khi \u0111i alo tr\u01b0\u1edbc )<\/span><\/p>\n<p style=\"text-align: center;\"><span style=\"font-family: verdana, geneva, sans-serif; font-size: 14pt;\">Tr\u1ee5 s\u1edf ph\u1ee5 : Ph\u1ea1m Th\u1ebf Hi\u1ec3n Qu\u1eadn 8 ( Khi \u0111i alo tr\u01b0\u1edbc )<\/span><\/p>\n<p><span style=\"font-family: verdana, geneva, sans-serif; font-size: 14pt;\">S\u1ed1 \u0111i\u1ec7n tho\u1ea1i ph\u1ee5 khi s\u1ed1 ch\u00ednh g\u1eb7p s\u1ef1 c\u1ed1 : 0988.345.791<\/span><\/p>\n<h2><span style=\"font-family: verdana, geneva, sans-serif; font-size: 14pt;\">B\u1ea3n \u0111\u1ed3 \u0111\u1ebfn tr\u1ee5 s\u1edf ch\u00ednh :<\/span><\/h2>\n<div id=\"attachment_362\" style=\"width: 940px\" class=\"wp-caption aligncenter\"><img aria-describedby=\"caption-attachment-362\" loading=\"lazy\" class=\"size-full wp-image-362\" src=\"http:\/\/thulaptopcugiacao.com\/wp-content\/uploads\/2018\/10\/bandoLaptopHCM-1.jpg\" alt=\"Ban do laptopHCM.com\" width=\"930\" height=\"642\" srcset=\"https:\/\/thulaptopcugiacao.com\/wp-content\/uploads\/2018\/10\/bandoLaptopHCM-1.jpg 930w, https:\/\/thulaptopcugiacao.com\/wp-content\/uploads\/2018\/10\/bandoLaptopHCM-1-300x207.jpg 300w, https:\/\/thulaptopcugiacao.com\/wp-content\/uploads\/2018\/10\/bandoLaptopHCM-1-768x530.jpg 768w\" sizes=\"(max-width: 930px) 100vw, 930px\" \/><p id=\"caption-attachment-362\" class=\"wp-caption-text\"><\/span> <span style=\"font-family: verdana, geneva, sans-serif; font-size: 14pt;\">B\u1ea3n \u0111\u1ed3 \u0111\u1ebfn tr\u1ee5 s\u1edf ch\u00ednh<\/span><\/p><\/div>\n<div style=\"display: none;\"\n    class=\"kk-star-ratings kksr-valign-bottom kksr-align-left kksr-disabled\"\n    data-id=\"360\"\n    data-slug=\"\">\n    <div class=\"kksr-stars\">\n    <div class=\"kksr-stars-inactive\">\n            <div class=\"kksr-star\" data-star=\"1\">\n            <div class=\"kksr-icon\" style=\"width: px; height: px;\"><\/div>\n        <\/div>\n            <div class=\"kksr-star\" data-star=\"2\">\n            <div class=\"kksr-icon\" style=\"width: px; height: px;\"><\/div>\n        <\/div>\n            <div class=\"kksr-star\" data-star=\"3\">\n            <div class=\"kksr-icon\" style=\"width: px; height: px;\"><\/div>\n        <\/div>\n            <div class=\"kksr-star\" data-star=\"4\">\n            <div class=\"kksr-icon\" style=\"width: px; height: px;\"><\/div>\n        <\/div>\n            <div class=\"kksr-star\" data-star=\"5\">\n            <div class=\"kksr-icon\" style=\"width: px; height: px;\"><\/div>\n        <\/div>\n    <\/div>\n    <div class=\"kksr-stars-active\" style=\"width: 0px;\">\n            <div class=\"kksr-star\">\n            <div class=\"kksr-icon\" style=\"width: px; height: px;\"><\/div>\n        <\/div>\n            <div class=\"kksr-star\">\n            <div class=\"kksr-icon\" style=\"width: px; height: px;\"><\/div>\n        <\/div>\n            <div class=\"kksr-star\">\n            <div class=\"kksr-icon\" style=\"width: px; height: px;\"><\/div>\n        <\/div>\n            <div class=\"kksr-star\">\n            <div class=\"kksr-icon\" style=\"width: px; height: px;\"><\/div>\n        <\/div>\n            <div class=\"kksr-star\">\n            <div class=\"kksr-icon\" style=\"width: px; height: px;\"><\/div>\n        <\/div>\n    <\/div>\n<\/div>\n    <div class=\"kksr-legend\">\n            <strong class=\"kksr-score\">5<\/strong>\n        <span class=\"kksr-muted\">\/<\/span>\n        <strong>5<\/strong>\n        <span class=\"kksr-muted\">(<\/span>\n        <strong class=\"kksr-count\">1<\/strong>\n        <span class=\"kksr-muted\">\n            b\u00ecnh ch\u1ecdn        <\/span>\n        <span class=\"kksr-muted\">)<\/span>\n    <\/div>\n<\/div>\n","protected":false},"excerpt":{"rendered":"<p>M\u1ecdi v\u1ea5n \u0111\u1ec1 v\u1ec1 s\u1ef1 c\u1ed1 m\u00e1y t\u00ednh c\u0169ng nh\u01b0 nhu c\u1ea7u c\u1ea7n thanh l\u00fd Laptop t\u1eadn n\u01a1i cho c\u00e1c b\u1ea1n. Xin h\u00e3y li\u00ean h\u1ec7 v\u1edbi ch\u00fang t\u00f4i. 0908.808.806 Mr H\u1eadu\u00a0( Zalo, Viber ) D\u1ecbch v\u1ee5\u00a0thu mua Laptop c\u0169\u00a0t\u1eadn n\u01a1i s\u1ebd ph\u1ee5c v\u1ee5 t\u1eadn t\u00ecnh\u00a0!!! \u0110\u1ecba ch\u1ec9 ch\u00fang t\u00f4i c\u00f3 \u1edf v\u00e0i n\u01a1i, nh\u01b0ng c\u00e1c [&hellip;]<\/p>\n","protected":false},"author":1,"featured_media":0,"parent":0,"menu_order":0,"comment_status":"closed","ping_status":"closed","template":"","meta":[],"yoast_head":"<!-- This site is optimized with the Yoast SEO plugin v16.9 - https:\/\/yoast.com\/wordpress\/plugins\/seo\/ -->\n<meta name=\"robots\" content=\"index, follow, max-snippet:-1, max-image-preview:large, max-video-preview:-1\" \/>\n<link rel=\"canonical\" href=\"https:\/\/thulaptopcugiacao.com\/?page_id=360\" \/>\n<meta property=\"og:locale\" content=\"vi_VN\" \/>\n<meta property=\"og:type\" content=\"article\" \/>\n<meta property=\"og:title\" content=\"Li\u00ean H\u1ec7 - Thu mua Laptop c\u0169\" \/>\n<meta property=\"og:description\" content=\"M\u1ecdi v\u1ea5n \u0111\u1ec1 v\u1ec1 s\u1ef1 c\u1ed1 m\u00e1y t\u00ednh c\u0169ng nh\u01b0 nhu c\u1ea7u c\u1ea7n thanh l\u00fd Laptop t\u1eadn n\u01a1i cho c\u00e1c b\u1ea1n. Xin h\u00e3y li\u00ean h\u1ec7 v\u1edbi ch\u00fang t\u00f4i. 0908.808.806 Mr H\u1eadu\u00a0( Zalo, Viber ) D\u1ecbch v\u1ee5\u00a0thu mua Laptop c\u0169\u00a0t\u1eadn n\u01a1i s\u1ebd ph\u1ee5c v\u1ee5 t\u1eadn t\u00ecnh\u00a0!!! \u0110\u1ecba ch\u1ec9 ch\u00fang t\u00f4i c\u00f3 \u1edf v\u00e0i n\u01a1i, nh\u01b0ng c\u00e1c [&hellip;]\" \/>\n<meta property=\"og:url\" content=\"https:\/\/thulaptopcugiacao.com\/?page_id=360\" \/>\n<meta property=\"og:site_name\" content=\"Thu mua Laptop c\u0169\" \/>\n<meta property=\"og:image\" content=\"http:\/\/thulaptopcugiacao.com\/wp-content\/uploads\/2018\/10\/bandoLaptopHCM-1.jpg\" \/>\n<meta name=\"twitter:card\" content=\"summary\" \/>\n<meta name=\"twitter:label1\" content=\"\u01af\u1edbc t\u00ednh th\u1eddi gian \u0111\u1ecdc\" \/>\n\t<meta name=\"twitter:data1\" content=\"1 ph\u00fat\" \/>\n<script type=\"application\/ld+json\" class=\"yoast-schema-graph\">{\"@context\":\"https:\/\/schema.org\",\"@graph\":[{\"@type\":\"WebSite\",\"@id\":\"https:\/\/thulaptopcugiacao.com\/#website\",\"url\":\"https:\/\/thulaptopcugiacao.com\/\",\"name\":\"Thu mua Laptop c\\u0169\",\"description\":\"Thu mua Laptop T\\u1eadn n\\u01a1i TPHCM 0908.808806. D\\u1ecbch v\\u1ee5 chuy\\u00ean thu mua Laptop c\\u0169 gi\\u00e1 cao nh\\u1ea5t HCM. C\\u00f4ng ty thu mua Laptop c\\u0169 t\\u1eadn n\\u01a1i, kh\\u00f4ng k\\u1ef3 k\\u00e8o \\u00e9p gi\\u00e1.\",\"potentialAction\":[{\"@type\":\"SearchAction\",\"target\":{\"@type\":\"EntryPoint\",\"urlTemplate\":\"https:\/\/thulaptopcugiacao.com\/?s={search_term_string}\"},\"query-input\":\"required name=search_term_string\"}],\"inLanguage\":\"vi\"},{\"@type\":\"ImageObject\",\"@id\":\"https:\/\/thulaptopcugiacao.com\/?page_id=360#primaryimage\",\"inLanguage\":\"vi\",\"url\":\"http:\/\/thulaptopcugiacao.com\/wp-content\/uploads\/2018\/10\/bandoLaptopHCM-1.jpg\",\"contentUrl\":\"http:\/\/thulaptopcugiacao.com\/wp-content\/uploads\/2018\/10\/bandoLaptopHCM-1.jpg\"},{\"@type\":\"WebPage\",\"@id\":\"https:\/\/thulaptopcugiacao.com\/?page_id=360#webpage\",\"url\":\"https:\/\/thulaptopcugiacao.com\/?page_id=360\",\"name\":\"Li\\u00ean H\\u1ec7 - Thu mua Laptop c\\u0169\",\"isPartOf\":{\"@id\":\"https:\/\/thulaptopcugiacao.com\/#website\"},\"primaryImageOfPage\":{\"@id\":\"https:\/\/thulaptopcugiacao.com\/?page_id=360#primaryimage\"},\"datePublished\":\"2018-10-03T13:49:48+00:00\",\"dateModified\":\"2018-10-03T13:49:48+00:00\",\"breadcrumb\":{\"@id\":\"https:\/\/thulaptopcugiacao.com\/?page_id=360#breadcrumb\"},\"inLanguage\":\"vi\",\"potentialAction\":[{\"@type\":\"ReadAction\",\"target\":[\"https:\/\/thulaptopcugiacao.com\/?page_id=360\"]}]},{\"@type\":\"BreadcrumbList\",\"@id\":\"https:\/\/thulaptopcugiacao.com\/?page_id=360#breadcrumb\",\"itemListElement\":[{\"@type\":\"ListItem\",\"position\":1,\"name\":\"Home\",\"item\":\"https:\/\/thulaptopcugiacao.com\/\"},{\"@type\":\"ListItem\",\"position\":2,\"name\":\"Li\\u00ean H\\u1ec7\"}]}]}<\/script>\n<!-- \/ Yoast SEO plugin. -->","yoast_head_json":{"robots":{"index":"index","follow":"follow","max-snippet":"max-snippet:-1","max-image-preview":"max-image-preview:large","max-video-preview":"max-video-preview:-1"},"canonical":"https:\/\/thulaptopcugiacao.com\/?page_id=360","og_locale":"vi_VN","og_type":"article","og_title":"Li\u00ean H\u1ec7 - Thu mua Laptop c\u0169","og_description":"M\u1ecdi v\u1ea5n \u0111\u1ec1 v\u1ec1 s\u1ef1 c\u1ed1 m\u00e1y t\u00ednh c\u0169ng nh\u01b0 nhu c\u1ea7u c\u1ea7n thanh l\u00fd Laptop t\u1eadn n\u01a1i cho c\u00e1c b\u1ea1n. Xin h\u00e3y li\u00ean h\u1ec7 v\u1edbi ch\u00fang t\u00f4i. 0908.808.806 Mr H\u1eadu\u00a0( Zalo, Viber ) D\u1ecbch v\u1ee5\u00a0thu mua Laptop c\u0169\u00a0t\u1eadn n\u01a1i s\u1ebd ph\u1ee5c v\u1ee5 t\u1eadn t\u00ecnh\u00a0!!! \u0110\u1ecba ch\u1ec9 ch\u00fang t\u00f4i c\u00f3 \u1edf v\u00e0i n\u01a1i, nh\u01b0ng c\u00e1c [&hellip;]","og_url":"https:\/\/thulaptopcugiacao.com\/?page_id=360","og_site_name":"Thu mua Laptop c\u0169","og_image":[{"url":"http:\/\/thulaptopcugiacao.com\/wp-content\/uploads\/2018\/10\/bandoLaptopHCM-1.jpg"}],"twitter_card":"summary","twitter_misc":{"\u01af\u1edbc t\u00ednh th\u1eddi gian \u0111\u1ecdc":"1 ph\u00fat"},"schema":{"@context":"https:\/\/schema.org","@graph":[{"@type":"WebSite","@id":"https:\/\/thulaptopcugiacao.com\/#website","url":"https:\/\/thulaptopcugiacao.com\/","name":"Thu mua Laptop c\u0169","description":"Thu mua Laptop T\u1eadn n\u01a1i TPHCM 0908.808806. D\u1ecbch v\u1ee5 chuy\u00ean thu mua Laptop c\u0169 gi\u00e1 cao nh\u1ea5t HCM. C\u00f4ng ty thu mua Laptop c\u0169 t\u1eadn n\u01a1i, kh\u00f4ng k\u1ef3 k\u00e8o \u00e9p gi\u00e1.","potentialAction":[{"@type":"SearchAction","target":{"@type":"EntryPoint","urlTemplate":"https:\/\/thulaptopcugiacao.com\/?s={search_term_string}"},"query-input":"required name=search_term_string"}],"inLanguage":"vi"},{"@type":"ImageObject","@id":"https:\/\/thulaptopcugiacao.com\/?page_id=360#primaryimage","inLanguage":"vi","url":"http:\/\/thulaptopcugiacao.com\/wp-content\/uploads\/2018\/10\/bandoLaptopHCM-1.jpg","contentUrl":"http:\/\/thulaptopcugiacao.com\/wp-content\/uploads\/2018\/10\/bandoLaptopHCM-1.jpg"},{"@type":"WebPage","@id":"https:\/\/thulaptopcugiacao.com\/?page_id=360#webpage","url":"https:\/\/thulaptopcugiacao.com\/?page_id=360","name":"Li\u00ean H\u1ec7 - Thu mua Laptop c\u0169","isPartOf":{"@id":"https:\/\/thulaptopcugiacao.com\/#website"},"primaryImageOfPage":{"@id":"https:\/\/thulaptopcugiacao.com\/?page_id=360#primaryimage"},"datePublished":"2018-10-03T13:49:48+00:00","dateModified":"2018-10-03T13:49:48+00:00","breadcrumb":{"@id":"https:\/\/thulaptopcugiacao.com\/?page_id=360#breadcrumb"},"inLanguage":"vi","potentialAction":[{"@type":"ReadAction","target":["https:\/\/thulaptopcugiacao.com\/?page_id=360"]}]},{"@type":"BreadcrumbList","@id":"https:\/\/thulaptopcugiacao.com\/?page_id=360#breadcrumb","itemListElement":[{"@type":"ListItem","position":1,"name":"Home","item":"https:\/\/thulaptopcugiacao.com\/"},{"@type":"ListItem","position":2,"name":"Li\u00ean H\u1ec7"}]}]}},"_links":{"self":[{"href":"https:\/\/thulaptopcugiacao.com\/index.php?rest_route=\/wp\/v2\/pages\/360"}],"collection":[{"href":"https:\/\/thulaptopcugiacao.com\/index.php?rest_route=\/wp\/v2\/pages"}],"about":[{"href":"https:\/\/thulaptopcugiacao.com\/index.php?rest_route=\/wp\/v2\/types\/page"}],"author":[{"embeddable":true,"href":"https:\/\/thulaptopcugiacao.com\/index.php?rest_route=\/wp\/v2\/users\/1"}],"replies":[{"embeddable":true,"href":"https:\/\/thulaptopcugiacao.com\/index.php?rest_route=%2Fwp%2Fv2%2Fcomments&post=360"}],"version-history":[{"count":1,"href":"https:\/\/thulaptopcugiacao.com\/index.php?rest_route=\/wp\/v2\/pages\/360\/revisions"}],"predecessor-version":[{"id":363,"href":"https:\/\/thulaptopcugiacao.com\/index.php?rest_route=\/wp\/v2\/pages\/360\/revisions\/363"}],"wp:attachment":[{"href":"https:\/\/thulaptopcugiacao.com\/index.php?rest_route=%2Fwp%2Fv2%2Fmedia&parent=360"}],"curies":[{"name":"wp","href":"https:\/\/api.w.org\/{rel}","templated":true}]}}