{"id":6,"date":"2017-04-20T08:00:45","date_gmt":"2017-04-20T08:00:45","guid":{"rendered":"http:\/\/thulaptopcugiacao.com\/?page_id=6"},"modified":"2021-07-23T17:21:20","modified_gmt":"2021-07-23T17:21:20","slug":"thu-mua-laptop-cu-tphcm-gia-cao-tan-noi","status":"publish","type":"page","link":"https:\/\/thulaptopcugiacao.com\/","title":{"rendered":"Thu mua Laptop c\u0169 TPHCM gi\u00e1 cao t\u1eadn n\u01a1i"},"content":{"rendered":"<p style=\"padding-left: 30px;\"><span style=\"font-size: 14pt; font-family: 'times new roman', times, serif;\">D\u1ecbch v\u1ee5 <strong>Thu Mua Laptop c\u0169 TPHCM t\u1eadn n\u01a1i<\/strong>, t\u1eadn nh\u00e0 xin k\u00ednh ch\u00e0o qu\u00fd kh\u00e1ch.\u00a0<span style=\"color: #333333;\">B\u1ea1n c\u1ea7n <a href=\"https:\/\/laptophcm.com\/\"><strong>b\u00e1n laptop c\u0169<\/strong><\/a>\u00a0kh\u00f4ng d\u00f9ng \u0111\u1ebfn?\u00a0<\/span><span style=\"color: #333333;\">B\u1ea1n kh\u00f4ng th\u00edch ch\u1ea1y ngo\u00e0i \u0111\u01b0\u1eddng t\u00ecm ch\u1ed5 b\u00e1n r\u1ed3i l\u1ea1i c\u00f2n b\u1ecb v\u1ebd v\u1eddi \u00e9p gi\u00e1?\u00a0<\/span><span style=\"color: #333333;\">Ho\u1eb7c b\u1ea1n c\u1ea7n m\u1ed9t d\u1ecbch v\u1ee5 <strong>thu mua laptop c\u0169 TPHCM<\/strong> gi\u00e1 cao\u00a0t\u1eadn n\u01a1i b\u1ea1n \u1edf?<\/span><\/span><\/p>\n<p style=\"text-align: center;\"><span style=\"font-size: 14pt; font-family: 'times new roman', times, serif;\">H\u00e3y li\u00ean h\u1ec7 \u0111\u01a1n v\u1ecb thu mua Laptop theo s\u1ed1 \u0110T<br \/>\n<\/span><br \/>\n<span style=\"color: #008000; font-size: 24pt; font-family: 'times new roman', times, serif;\"> <strong>0908.808.806 Mr H\u1eadu<\/strong> (C\u00f3 Zalo)<\/span><\/p>\n<div id=\"attachment_28\" style=\"width: 610px\" class=\"wp-caption aligncenter\"><img aria-describedby=\"caption-attachment-28\" loading=\"lazy\" class=\"size-full wp-image-28\" src=\"https:\/\/thulaptopcugiacao.com\/wp-content\/uploads\/2017\/04\/thu-mua-laptop-cu.png\" alt=\"thu mua laptop c\u0169 tphcm\" width=\"600\" height=\"400\" srcset=\"https:\/\/thulaptopcugiacao.com\/wp-content\/uploads\/2017\/04\/thu-mua-laptop-cu.png 600w, https:\/\/thulaptopcugiacao.com\/wp-content\/uploads\/2017\/04\/thu-mua-laptop-cu-300x200.png 300w\" sizes=\"(max-width: 600px) 100vw, 600px\" \/><p id=\"caption-attachment-28\" class=\"wp-caption-text\">Thu mua Laptop c\u0169 TPHCM t\u1ea5t c\u1ea3 c\u00e1c d\u00f2ng m\u00e1y<\/p><\/div>\n<h2><span style=\"font-family: 'times new roman', times, serif;\">Thu mua Laptop c\u0169 TPHCM t\u1eadn n\u01a1i theo tr\u00ecnh t\u1ef1 :<\/span><\/h2>\n<h3 style=\"padding-left: 30px;\"><span style=\"font-family: 'times new roman', times, serif;\">Cung c\u1ea5p th\u00f4ng tin laptop c\u0169 c\u1ea7n thu mua :<\/span><\/h3>\n<p style=\"padding-left: 30px;\"><span style=\"font-size: 14pt; font-family: 'times new roman', times, serif;\">B\u1ea1n vui l\u00f2ng xem th\u00f4ng tin v\u1ec1 chi\u1ebfc laptop c\u0169 c\u1ee7a m\u00ecnh nh\u01b0 : Nh\u00e3n hi\u1ec7u, model, CPU, Ram, \u1ed5 c\u1ee9ng, Card \u0111\u1ed3 h\u1ecda.\u00a0M\u00e1y c\u00f2n b\u1ea3o h\u00e0nh bao l\u00e2u? M\u00e1y c\u00f3 qua s\u1eeda ch\u1eefa ch\u01b0a? M\u00e1y c\u00f3 tr\u1ea7y m\u00f3p hay b\u1ec3 ph\u1ea7n n\u00e0o kh\u00f4ng? C\u00f3 b\u1ed9 ph\u1eadn n\u00e0o c\u1ee7a m\u00e1y b\u1ecb h\u01b0 kh\u00f4ng?<\/span><\/p>\n<p style=\"padding-left: 30px; text-align: center;\"><span style=\"font-size: 14pt; font-family: 'times new roman', times, serif;\">N\u1ebfu kh\u00f4ng r\u00e0nh v\u1ec1 vi\u1ec7c xem c\u1ea5u h\u00ecnh c\u00f3 th\u1ec3 xem t\u1ea1i \u0111\u00e2y : <\/span><\/p>\n<p style=\"padding-left: 30px; text-align: center;\"><span style=\"font-size: 14pt; font-family: 'times new roman', times, serif;\"><a href=\"https:\/\/thulaptopcugiacao.com\/huong-dan-xem-model-va-cau-hinh-laptop-day-du-va-don-gian-nhat.html\">C\u00e1ch xem model v\u00e0 c\u1ea5u h\u00ecnh laptop<\/a> \u0111\u01a1n gi\u1ea3n nh\u1ea5t<\/span><\/p>\n<p style=\"padding-left: 30px; text-align: center;\"><span style=\"font-size: 14pt; font-family: 'times new roman', times, serif;\">Ho\u1eb7c c\u00f3 th\u1ec3 ch\u1ee5p h\u00ecnh g\u1edfi qua Zalo \u0111\u1ec3 ch\u00fang t\u00f4i xem x\u00e9t.<\/span><\/p>\n<p style=\"padding-left: 30px;\"><span style=\"font-size: 14pt; font-family: 'times new roman', times, serif;\">G\u1ecdi 0908.808.806 b\u00e1o th\u00f4ng s\u1ed1 v\u00e0 t\u00ecnh tr\u1ea1ng.\u00a0B\u1ea1n b\u00e1o thi\u1ebfu th\u00ec ch\u00fang t\u00f4i s\u1ebd h\u1ecfi th\u00eam. Xong ch\u00fang t\u00f4i c\u00f3 th\u1ec3 b\u00e1o gi\u00e1 ngay ho\u1eb7c s\u1ebd g\u1ecdi l\u1ea1i \u0111\u1ec3 b\u00e1o gi\u00e1 sau kho\u1ea3ng 1 \u0111\u1ebfn 5 ph\u00fat xem x\u00e9t.<\/span><\/p>\n<p style=\"padding-left: 30px;\"><span style=\"font-size: 14pt; font-family: 'times new roman', times, serif;\">&#8220;Th\u00f4ng s\u1ed1 v\u00e0 t\u00ecnh tr\u1ea1ng c\u1ee7a b\u1ea1n c\u00e0ng ch\u00ednh x\u00e1c,\u00a0ch\u00fang t\u00f4i s\u1ebd b\u00e1o gi\u00e1 c\u00e0ng ch\u00ednh x\u00e1c. Ch\u00fang t\u00f4i s\u1ebd b\u00e1o gi\u00e1 cao nh\u1ea5t c\u00f3 th\u1ec3 mua \u0111\u01b0\u1ee3c cho b\u1ea1n.&#8221;<\/span><\/p>\n<p style=\"padding-left: 30px;\"><span style=\"font-size: 14pt; font-family: 'times new roman', times, serif;\">Ch\u00fang t\u00f4i b\u00e1o gi\u00e1 c\u1ea3 thu mua ch\u00ednh x\u00e1c. N\u1ebfu b\u1ea1n \u0111\u1ed3ng \u00fd gi\u00e1 c\u1ea3 th\u00ec ch\u00fang t\u00f4i s\u1ebd \u0111\u1ebfn t\u1eadn nh\u00e0 \u0111\u1ec3 thu mua laptop<\/span><\/p>\n<h3 style=\"padding-left: 30px;\"><span style=\"font-family: times new roman, times, serif;\">\u0110\u1ebfn t\u1eadn nh\u00e0 thu mua Laptop c\u0169 c\u1ee7a qu\u00fd kh\u00e1ch :<\/span><\/h3>\n<p style=\"padding-left: 30px;\"><span style=\"font-size: 14pt; font-family: times new roman, times, serif;\">Qu\u00fd kh\u00e1ch s\u1ebd kh\u00f4ng ph\u1ea3i m\u1ea5t c\u00f4ng \u0111i \u0111\u00e2u c\u1ea3 m\u00e0 v\u1eabn b\u00e1n \u0111\u01b0\u1ee3c m\u00e1y v\u1edbi gi\u00e1 cao nh\u1ea5t c\u00f3 th\u1ec3.\u00a0B\u1ea1n kh\u00f4ng s\u1ee3 b\u1ecb \u00e9p gi\u00e1 hay \u0111\u1ea1p gi\u00e1. C\u00e1m \u01a1n c\u00e1c b\u1ea1n v\u00e0 ch\u00fac ch\u00fang ta c\u00f3 nhi\u1ec1u giao d\u1ecbch th\u00e0nh c\u00f4ng t\u1ed1t \u0111\u1eb9p.<\/span><\/p>\n<div id=\"attachment_39\" style=\"width: 618px\" class=\"wp-caption aligncenter\"><img aria-describedby=\"caption-attachment-39\" loading=\"lazy\" class=\"size-full wp-image-39\" src=\"https:\/\/thulaptopcugiacao.com\/wp-content\/uploads\/2017\/04\/quy-trinh-thu-mua-laptop-tan-nha.png\" alt=\"thu mua laptop c\u0169 tphcm gi\u00e1 cao\" width=\"608\" height=\"285\" srcset=\"https:\/\/thulaptopcugiacao.com\/wp-content\/uploads\/2017\/04\/quy-trinh-thu-mua-laptop-tan-nha.png 608w, https:\/\/thulaptopcugiacao.com\/wp-content\/uploads\/2017\/04\/quy-trinh-thu-mua-laptop-tan-nha-300x141.png 300w\" sizes=\"(max-width: 608px) 100vw, 608px\" \/><p id=\"caption-attachment-39\" class=\"wp-caption-text\">Quy tr\u00ecnh thu mua Laptop c\u0169 TPHCM t\u1eadn n\u01a1i<\/p><\/div>\n<p style=\"padding-left: 30px;\"><span style=\"font-family: times new roman, times, serif;\"><span style=\"font-size: 14pt; color: #ff0000;\"><strong>L\u01b0u \u00fd : Ch\u00fang t\u00f4i kh\u00f4ng thu mua laptop c\u0169 tr\u1ed9m c\u1eafp, h\u00e0ng giang, kh\u00f4ng <a href=\"http:\/\/tuoitre.vn\/tin\/phap-luat\/20161109\/tieu-thu-hang-gian-xu-ly-ra-sao\/1216048.html\" target=\"_blank\" rel=\"nofollow noopener\">ti\u00eau th\u1ee5 h\u00e0ng gian<\/a>.\u00a0<\/strong><\/span><span style=\"font-size: 14pt;\">Xin c\u1ea3m \u01a1n v\u00e0 t\u1eeb ch\u1ed1i nh\u1eefng giao d\u1ecbch m\u00e0 ph\u00e1p lu\u1eadt kh\u00f4ng cho ph\u00e9p.<\/span><\/span><\/p>\n<h2><span style=\"font-family: times new roman, times, serif;\">Thu mua laptop c\u0169 TPHCM c\u00e1c d\u00f2ng m\u00e1y :<\/span><\/h2>\n<p style=\"padding-left: 30px;\"><span style=\"font-size: 14pt; font-family: times new roman, times, serif;\">Thu mua laptop c\u0169 Sony Vaio, Acer, Dell, Toshiba, Asus, HP, Compaq, IBM, Lenovo Thinkpad<\/span><\/p>\n<p style=\"padding-left: 30px;\"><span style=\"font-size: 14pt; font-family: times new roman, times, serif;\">Chuy\u00ean thu mua laptop gaming c\u0169 gi\u00e1 cao t\u1eadn n\u01a1i t\u1ea1i TPHCM. Thu mua c\u00e1c d\u00f2ng laptop Gaming nh\u01b0 Dell Alienware, Asus Rog, Razer Blade, Laptop Gaming MSI, Acer Predator, Gaming Hp<\/span><\/p>\n<p style=\"padding-left: 30px;\"><span style=\"font-size: 14pt; font-family: times new roman, times, serif;\">Thu mua Surface Pro 1, 2, 3, 4, thu mua Surface Book c\u0169 gi\u00e1 cao TPHCM.<\/span><\/p>\n<p style=\"padding-left: 30px;\"><span style=\"font-size: 14pt; font-family: times new roman, times, serif;\">Thu mua m\u00e1y t\u00ednh m\u1edbi, Thu mua m\u00e1y t\u00ednh c\u0169, Thu mua laptop TPHCM<\/span><\/p>\n<p style=\"padding-left: 30px;\"><span style=\"font-size: 14pt; font-family: times new roman, times, serif;\"><a href=\"https:\/\/thulaptopcugiacao.com\/thu-mua-laptop-gia-cao-bao-hanh-nguyen-tem.html\">Thu mua laptop m\u1edbi<\/a> 100%, nguy\u00ean siu gi\u00e1 cao.<\/span><\/p>\n<p style=\"padding-left: 30px;\"><span style=\"font-size: 14pt; font-family: times new roman, times, serif;\">Thu mua m\u00e1y t\u00ednh, laptop x\u00e1ch tay n\u01b0\u1edbc ngo\u00e0i, laptop nh\u1eadp kh\u1ea9u.<\/span><\/p>\n<p style=\"padding-left: 30px;\"><span style=\"font-size: 14pt; font-family: times new roman, times, serif;\"><a href=\"https:\/\/thulaptopcugiacao.com\/thu-mua-laptop-cu-hu-be-chet-gia-cao-tan-noi.html\">Thu mua laptop b\u1ecb h\u01b0<\/a> main, b\u1ec3 m\u00e0n h\u00ecnh, <a href=\"https:\/\/thulaptopcugiacao.com\/laptop-bi-vo-nuoc-co-nen-sua-chua.html\">laptop b\u1ecb v\u00f4 n\u01b0\u1edbc<\/a>, laptop b\u1ecb r\u01a1i v\u1ee1<\/span><\/p>\n<p style=\"padding-left: 30px;\"><span style=\"font-size: 14pt; font-family: times new roman, times, serif;\">Chuy\u00ean thanh l\u00fd, thu mua laptop d\u1ecbch v\u1ee5 c\u1ea7m \u0111\u1ed3, c\u01a1 quan, c\u00f4ng ty, x\u00ed nghi\u1ec7p, doanh nghi\u1ec7p, ti\u1ec7m n\u00e9t, tr\u01b0\u1eddng h\u1ecdc\u2026Kh\u00f4ng ng\u1ea1i s\u1ed1 l\u01b0\u1ee3ng.<\/span><\/p>\n<p style=\"padding-left: 30px;\"><span style=\"font-size: 14pt; font-family: times new roman, times, serif;\">Ngo\u00e0i ra ch\u00fang t\u00f4i c\u00f2n <a href=\"https:\/\/thumuamacbookcu.com\/\">Thu mua Macbook c\u0169<\/a>, Thu mua iMac<\/span><\/p>\n<p style=\"padding-left: 30px;\"><span style=\"font-size: 14pt; font-family: times new roman, times, serif;\">C\u00f4ng ty thu mua laptop c\u0169 TPHCM gi\u00e1 cao tr\u00ean Facebook<\/span><\/p>\n<p style=\"padding-left: 30px;\"><span style=\"font-size: 14pt; font-family: times new roman, times, serif;\">C\u00f4ng ty thu mua laptop uy t\u00edn \u1edf TPHCM, nhi\u1ec7t t\u00ecnh nh\u1ea5t TPHCM.<\/span><\/p>\n<p style=\"padding-left: 30px;\"><span style=\"font-size: 14pt; font-family: times new roman, times, serif;\">\u0110\u1ecba ch\u1ec9 thu mua laptop cu TPHCM, n\u01a1i thu mua laptop gi\u00e1 cao TPHCM, thu mua laptop cu t\u1eadn n\u01a1i t\u1ea1i TPHCM.<\/span><\/p>\n<p style=\"padding-left: 30px;\"><span style=\"font-size: 14pt; font-family: times new roman, times, serif;\">C\u1eeda h\u00e0ng thu mua laptop c\u0169 gi\u00e1 cao uy tin, b\u1ea3o \u0111\u1ea3m l\u1ee3i \u00edch cho kh\u00e1ch h\u00e0ng.<\/span><\/p>\n<h2><span style=\"font-family: times new roman, times, serif;\">\u0110\u1ecba \u0111i\u1ec3m thu mua Laptop t\u1ea1i TPHCM :<\/span><\/h2>\n<p style=\"padding-left: 30px;\"><span style=\"font-size: 14pt; font-family: times new roman, times, serif;\">B\u1ea1n c\u00f3 th\u1ec3 kh\u00f4ng c\u1ea7n quan t\u00e2m \u0111\u1ebfn v\u1ecb tr\u00ed c\u1ee7a ch\u00fang t\u00f4i \u1edf \u0111\u00e2u v\u00ec ch\u00fang t\u00f4i <strong>thu mua laptop t\u1eadn n\u01a1i<\/strong>. Ch\u00fang t\u00f4i c\u00f3 \u0111\u1ed9i ng\u1ee7 nh\u00e2n vi\u00ean ch\u1ea1y thu mua h\u1eb1ng ng\u00e0y. Vi\u1ec7c b\u1ea1n c\u1ea7n l\u00e0m l\u00e0 th\u1ecfa thu\u1eadn gi\u00e1 c\u1ea3 qua \u0111i\u1ec7n tho\u1ea1i ho\u1eb7c zalo. Ch\u00fang t\u00f4i s\u1eafp x\u1ebfp th\u1eddi gian h\u1ee3p l\u00fd nh\u1ea5t c\u00f3 l\u1ee3i cho b\u1ea1n \u0111\u1ec3 ti\u1ebfn h\u00e0nh thu mua. Trong n\u1ed9i th\u00e0nh th\u00ec c\u00f3 th\u1ec3 m\u1ea5t kho\u1ea3ng 15 \u0111\u1ebfn 30p. \u0110\u1ed1i v\u1edbi c\u00e1c qu\u1eadn huy\u1ec7n v\u1edf v\u1ecb tr\u00ed xa th\u00ec c\u00f3 th\u1ec3 m\u1ea5t kho\u1ea3ng 1h \u0111\u1ec3 t\u1edbi n\u01a1i. B\u1ea1n c\u1ee9 h\u1eb9n th\u1eddi gian cho b\u00ean m\u00ecnh sao cho ti\u1ec7n l\u1ee3i \u0111\u1ed1i v\u1edbi b\u1ea1n.<\/span><\/p>\n<p><span style=\"font-size: 14pt;\"><span style=\"font-family: times new roman, times, serif;\"><em>S\u1ef1 h\u00e0i l\u00f2ng c\u1ee7a kh\u00e1ch h\u00e0ng ch\u00ednh l\u00e0 m\u1ee5c ti\u00eau ph\u00e1t tri\u1ec3n c\u1ee7a c\u00f4ng ty thu mua laptop c\u0169 tphcm ch\u00fang t\u00f4i. Xin c\u00e1m \u01a1n v\u00e0 h\u00e3y l\u01b0u s\u1ed1 \u0111i\u1ec7n tho\u1ea1i c\u1ee7a ch\u00fang t\u00f4i \u0111\u1ec3 khi c\u1ea7n th\u00ec li\u00ean h\u1ec7.<\/em><\/span><\/span><\/p>\n<div style=\"display: none;\"\n    class=\"kk-star-ratings kksr-valign-bottom kksr-align-left kksr-disabled\"\n    data-id=\"6\"\n    data-slug=\"\">\n    <div class=\"kksr-stars\">\n    <div class=\"kksr-stars-inactive\">\n            <div class=\"kksr-star\" data-star=\"1\">\n            <div class=\"kksr-icon\" style=\"width: px; height: px;\"><\/div>\n        <\/div>\n            <div class=\"kksr-star\" data-star=\"2\">\n            <div class=\"kksr-icon\" style=\"width: px; height: px;\"><\/div>\n        <\/div>\n            <div class=\"kksr-star\" data-star=\"3\">\n            <div class=\"kksr-icon\" style=\"width: px; height: px;\"><\/div>\n        <\/div>\n            <div class=\"kksr-star\" data-star=\"4\">\n            <div class=\"kksr-icon\" style=\"width: px; height: px;\"><\/div>\n        <\/div>\n            <div class=\"kksr-star\" data-star=\"5\">\n            <div class=\"kksr-icon\" style=\"width: px; height: px;\"><\/div>\n        <\/div>\n    <\/div>\n    <div class=\"kksr-stars-active\" style=\"width: 0px;\">\n            <div class=\"kksr-star\">\n            <div class=\"kksr-icon\" style=\"width: px; height: px;\"><\/div>\n        <\/div>\n            <div class=\"kksr-star\">\n            <div class=\"kksr-icon\" style=\"width: px; height: px;\"><\/div>\n        <\/div>\n            <div class=\"kksr-star\">\n            <div class=\"kksr-icon\" style=\"width: px; height: px;\"><\/div>\n        <\/div>\n            <div class=\"kksr-star\">\n            <div class=\"kksr-icon\" style=\"width: px; height: px;\"><\/div>\n        <\/div>\n            <div class=\"kksr-star\">\n            <div class=\"kksr-icon\" style=\"width: px; height: px;\"><\/div>\n        <\/div>\n    <\/div>\n<\/div>\n    <div class=\"kksr-legend\">\n            <strong class=\"kksr-score\">4.8<\/strong>\n        <span class=\"kksr-muted\">\/<\/span>\n        <strong>5<\/strong>\n        <span class=\"kksr-muted\">(<\/span>\n        <strong class=\"kksr-count\">54<\/strong>\n        <span class=\"kksr-muted\">\n            b\u00ecnh ch\u1ecdn        <\/span>\n        <span class=\"kksr-muted\">)<\/span>\n    <\/div>\n<\/div>\n","protected":false},"excerpt":{"rendered":"<p>D\u1ecbch v\u1ee5 Thu Mua Laptop c\u0169 TPHCM t\u1eadn n\u01a1i, t\u1eadn nh\u00e0 xin k\u00ednh ch\u00e0o qu\u00fd kh\u00e1ch.\u00a0B\u1ea1n c\u1ea7n b\u00e1n laptop c\u0169\u00a0kh\u00f4ng d\u00f9ng \u0111\u1ebfn?\u00a0B\u1ea1n kh\u00f4ng th\u00edch ch\u1ea1y ngo\u00e0i \u0111\u01b0\u1eddng t\u00ecm ch\u1ed5 b\u00e1n r\u1ed3i l\u1ea1i c\u00f2n b\u1ecb v\u1ebd v\u1eddi \u00e9p gi\u00e1?\u00a0Ho\u1eb7c b\u1ea1n c\u1ea7n m\u1ed9t d\u1ecbch v\u1ee5 thu mua laptop c\u0169 TPHCM gi\u00e1 cao\u00a0t\u1eadn n\u01a1i b\u1ea1n \u1edf? H\u00e3y li\u00ean [&hellip;]<\/p>\n","protected":false},"author":1,"featured_media":0,"parent":0,"menu_order":0,"comment_status":"closed","ping_status":"closed","template":"","meta":[],"yoast_head":"<!-- This site is optimized with the Yoast SEO plugin v16.9 - https:\/\/yoast.com\/wordpress\/plugins\/seo\/ -->\n<meta name=\"description\" content=\"Thu mua Laptop c\u0169 TPHCM Gi\u00e1 Cao T\u1eadn n\u01a1i. D\u1ecbch v\u1ee5 chuy\u00ean thu mua Laptop c\u0169 HCM gi\u00e1 cao nh\u1ea5t TPHCM. Thu mua Laptop c\u0169 t\u1eadn n\u01a1i, kh\u00f4ng \u00e9p gi\u00e1, ti\u1ec1n m\u1eb7t m\u1ed9t l\u1ea7n\" \/>\n<meta name=\"robots\" content=\"index, follow, max-snippet:-1, max-image-preview:large, max-video-preview:-1\" \/>\n<link rel=\"canonical\" href=\"https:\/\/thulaptopcugiacao.com\/\" \/>\n<meta property=\"og:locale\" content=\"vi_VN\" \/>\n<meta property=\"og:type\" content=\"article\" \/>\n<meta property=\"og:title\" content=\"Thu mua Laptop c\u0169 TPHCM gi\u00e1 cao t\u1eadn n\u01a1i 0908.808.806 H\u1eadu\" \/>\n<meta property=\"og:description\" content=\"Thu mua Laptop c\u0169 TPHCM Gi\u00e1 Cao T\u1eadn n\u01a1i. D\u1ecbch v\u1ee5 chuy\u00ean thu mua Laptop c\u0169 HCM gi\u00e1 cao nh\u1ea5t TPHCM. Thu mua Laptop c\u0169 t\u1eadn n\u01a1i, kh\u00f4ng \u00e9p gi\u00e1, ti\u1ec1n m\u1eb7t m\u1ed9t l\u1ea7n\" \/>\n<meta property=\"og:url\" content=\"https:\/\/thulaptopcugiacao.com\/\" \/>\n<meta property=\"og:site_name\" content=\"Thu mua Laptop c\u0169\" \/>\n<meta property=\"article:modified_time\" content=\"2021-07-23T17:21:20+00:00\" \/>\n<meta property=\"og:image\" content=\"https:\/\/thulaptopcugiacao.com\/wp-content\/uploads\/2017\/04\/thu-mua-laptop-cu.png\" \/>\n<meta name=\"twitter:card\" content=\"summary\" \/>\n<meta name=\"twitter:label1\" content=\"\u01af\u1edbc t\u00ednh th\u1eddi gian \u0111\u1ecdc\" \/>\n\t<meta name=\"twitter:data1\" content=\"5 ph\u00fat\" \/>\n<script type=\"application\/ld+json\" class=\"yoast-schema-graph\">{\"@context\":\"https:\/\/schema.org\",\"@graph\":[{\"@type\":\"WebSite\",\"@id\":\"https:\/\/thulaptopcugiacao.com\/#website\",\"url\":\"https:\/\/thulaptopcugiacao.com\/\",\"name\":\"Thu mua Laptop c\\u0169\",\"description\":\"Thu mua Laptop T\\u1eadn n\\u01a1i TPHCM 0908.808806. D\\u1ecbch v\\u1ee5 chuy\\u00ean thu mua Laptop c\\u0169 gi\\u00e1 cao nh\\u1ea5t HCM. C\\u00f4ng ty thu mua Laptop c\\u0169 t\\u1eadn n\\u01a1i, kh\\u00f4ng k\\u1ef3 k\\u00e8o \\u00e9p gi\\u00e1.\",\"potentialAction\":[{\"@type\":\"SearchAction\",\"target\":{\"@type\":\"EntryPoint\",\"urlTemplate\":\"https:\/\/thulaptopcugiacao.com\/?s={search_term_string}\"},\"query-input\":\"required name=search_term_string\"}],\"inLanguage\":\"vi\"},{\"@type\":\"ImageObject\",\"@id\":\"https:\/\/thulaptopcugiacao.com\/#primaryimage\",\"inLanguage\":\"vi\",\"url\":\"https:\/\/thulaptopcugiacao.com\/wp-content\/uploads\/2017\/04\/thu-mua-laptop-cu.png\",\"contentUrl\":\"https:\/\/thulaptopcugiacao.com\/wp-content\/uploads\/2017\/04\/thu-mua-laptop-cu.png\",\"width\":600,\"height\":400,\"caption\":\"Thu mua Laptop c\\u0169 TPHCM t\\u1ea5t c\\u1ea3 c\\u00e1c d\\u00f2ng m\\u00e1y\"},{\"@type\":\"WebPage\",\"@id\":\"https:\/\/thulaptopcugiacao.com\/#webpage\",\"url\":\"https:\/\/thulaptopcugiacao.com\/\",\"name\":\"Thu mua Laptop c\\u0169 TPHCM gi\\u00e1 cao t\\u1eadn n\\u01a1i 0908.808.806 H\\u1eadu\",\"isPartOf\":{\"@id\":\"https:\/\/thulaptopcugiacao.com\/#website\"},\"primaryImageOfPage\":{\"@id\":\"https:\/\/thulaptopcugiacao.com\/#primaryimage\"},\"datePublished\":\"2017-04-20T08:00:45+00:00\",\"dateModified\":\"2021-07-23T17:21:20+00:00\",\"description\":\"Thu mua Laptop c\\u0169 TPHCM Gi\\u00e1 Cao T\\u1eadn n\\u01a1i. D\\u1ecbch v\\u1ee5 chuy\\u00ean thu mua Laptop c\\u0169 HCM gi\\u00e1 cao nh\\u1ea5t TPHCM. Thu mua Laptop c\\u0169 t\\u1eadn n\\u01a1i, kh\\u00f4ng \\u00e9p gi\\u00e1, ti\\u1ec1n m\\u1eb7t m\\u1ed9t l\\u1ea7n\",\"breadcrumb\":{\"@id\":\"https:\/\/thulaptopcugiacao.com\/#breadcrumb\"},\"inLanguage\":\"vi\",\"potentialAction\":[{\"@type\":\"ReadAction\",\"target\":[\"https:\/\/thulaptopcugiacao.com\/\"]}]},{\"@type\":\"BreadcrumbList\",\"@id\":\"https:\/\/thulaptopcugiacao.com\/#breadcrumb\",\"itemListElement\":[{\"@type\":\"ListItem\",\"position\":1,\"name\":\"Home\",\"item\":\"https:\/\/thulaptopcugiacao.com\/\"},{\"@type\":\"ListItem\",\"position\":2,\"name\":\"Thu mua Laptop c\\u0169 TPHCM gi\\u00e1 cao t\\u1eadn n\\u01a1i\"}]}]}<\/script>\n<!-- \/ Yoast SEO plugin. -->","yoast_head_json":{"description":"Thu mua Laptop c\u0169 TPHCM Gi\u00e1 Cao T\u1eadn n\u01a1i. D\u1ecbch v\u1ee5 chuy\u00ean thu mua Laptop c\u0169 HCM gi\u00e1 cao nh\u1ea5t TPHCM. Thu mua Laptop c\u0169 t\u1eadn n\u01a1i, kh\u00f4ng \u00e9p gi\u00e1, ti\u1ec1n m\u1eb7t m\u1ed9t l\u1ea7n","robots":{"index":"index","follow":"follow","max-snippet":"max-snippet:-1","max-image-preview":"max-image-preview:large","max-video-preview":"max-video-preview:-1"},"canonical":"https:\/\/thulaptopcugiacao.com\/","og_locale":"vi_VN","og_type":"article","og_title":"Thu mua Laptop c\u0169 TPHCM gi\u00e1 cao t\u1eadn n\u01a1i 0908.808.806 H\u1eadu","og_description":"Thu mua Laptop c\u0169 TPHCM Gi\u00e1 Cao T\u1eadn n\u01a1i. D\u1ecbch v\u1ee5 chuy\u00ean thu mua Laptop c\u0169 HCM gi\u00e1 cao nh\u1ea5t TPHCM. Thu mua Laptop c\u0169 t\u1eadn n\u01a1i, kh\u00f4ng \u00e9p gi\u00e1, ti\u1ec1n m\u1eb7t m\u1ed9t l\u1ea7n","og_url":"https:\/\/thulaptopcugiacao.com\/","og_site_name":"Thu mua Laptop c\u0169","article_modified_time":"2021-07-23T17:21:20+00:00","og_image":[{"url":"https:\/\/thulaptopcugiacao.com\/wp-content\/uploads\/2017\/04\/thu-mua-laptop-cu.png"}],"twitter_card":"summary","twitter_misc":{"\u01af\u1edbc t\u00ednh th\u1eddi gian \u0111\u1ecdc":"5 ph\u00fat"},"schema":{"@context":"https:\/\/schema.org","@graph":[{"@type":"WebSite","@id":"https:\/\/thulaptopcugiacao.com\/#website","url":"https:\/\/thulaptopcugiacao.com\/","name":"Thu mua Laptop c\u0169","description":"Thu mua Laptop T\u1eadn n\u01a1i TPHCM 0908.808806. D\u1ecbch v\u1ee5 chuy\u00ean thu mua Laptop c\u0169 gi\u00e1 cao nh\u1ea5t HCM. C\u00f4ng ty thu mua Laptop c\u0169 t\u1eadn n\u01a1i, kh\u00f4ng k\u1ef3 k\u00e8o \u00e9p gi\u00e1.","potentialAction":[{"@type":"SearchAction","target":{"@type":"EntryPoint","urlTemplate":"https:\/\/thulaptopcugiacao.com\/?s={search_term_string}"},"query-input":"required name=search_term_string"}],"inLanguage":"vi"},{"@type":"ImageObject","@id":"https:\/\/thulaptopcugiacao.com\/#primaryimage","inLanguage":"vi","url":"https:\/\/thulaptopcugiacao.com\/wp-content\/uploads\/2017\/04\/thu-mua-laptop-cu.png","contentUrl":"https:\/\/thulaptopcugiacao.com\/wp-content\/uploads\/2017\/04\/thu-mua-laptop-cu.png","width":600,"height":400,"caption":"Thu mua Laptop c\u0169 TPHCM t\u1ea5t c\u1ea3 c\u00e1c d\u00f2ng m\u00e1y"},{"@type":"WebPage","@id":"https:\/\/thulaptopcugiacao.com\/#webpage","url":"https:\/\/thulaptopcugiacao.com\/","name":"Thu mua Laptop c\u0169 TPHCM gi\u00e1 cao t\u1eadn n\u01a1i 0908.808.806 H\u1eadu","isPartOf":{"@id":"https:\/\/thulaptopcugiacao.com\/#website"},"primaryImageOfPage":{"@id":"https:\/\/thulaptopcugiacao.com\/#primaryimage"},"datePublished":"2017-04-20T08:00:45+00:00","dateModified":"2021-07-23T17:21:20+00:00","description":"Thu mua Laptop c\u0169 TPHCM Gi\u00e1 Cao T\u1eadn n\u01a1i. D\u1ecbch v\u1ee5 chuy\u00ean thu mua Laptop c\u0169 HCM gi\u00e1 cao nh\u1ea5t TPHCM. Thu mua Laptop c\u0169 t\u1eadn n\u01a1i, kh\u00f4ng \u00e9p gi\u00e1, ti\u1ec1n m\u1eb7t m\u1ed9t l\u1ea7n","breadcrumb":{"@id":"https:\/\/thulaptopcugiacao.com\/#breadcrumb"},"inLanguage":"vi","potentialAction":[{"@type":"ReadAction","target":["https:\/\/thulaptopcugiacao.com\/"]}]},{"@type":"BreadcrumbList","@id":"https:\/\/thulaptopcugiacao.com\/#breadcrumb","itemListElement":[{"@type":"ListItem","position":1,"name":"Home","item":"https:\/\/thulaptopcugiacao.com\/"},{"@type":"ListItem","position":2,"name":"Thu mua Laptop c\u0169 TPHCM gi\u00e1 cao t\u1eadn n\u01a1i"}]}]}},"_links":{"self":[{"href":"https:\/\/thulaptopcugiacao.com\/index.php?rest_route=\/wp\/v2\/pages\/6"}],"collection":[{"href":"https:\/\/thulaptopcugiacao.com\/index.php?rest_route=\/wp\/v2\/pages"}],"about":[{"href":"https:\/\/thulaptopcugiacao.com\/index.php?rest_route=\/wp\/v2\/types\/page"}],"author":[{"embeddable":true,"href":"https:\/\/thulaptopcugiacao.com\/index.php?rest_route=\/wp\/v2\/users\/1"}],"replies":[{"embeddable":true,"href":"https:\/\/thulaptopcugiacao.com\/index.php?rest_route=%2Fwp%2Fv2%2Fcomments&post=6"}],"version-history":[{"count":64,"href":"https:\/\/thulaptopcugiacao.com\/index.php?rest_route=\/wp\/v2\/pages\/6\/revisions"}],"predecessor-version":[{"id":512,"href":"https:\/\/thulaptopcugiacao.com\/index.php?rest_route=\/wp\/v2\/pages\/6\/revisions\/512"}],"wp:attachment":[{"href":"https:\/\/thulaptopcugiacao.com\/index.php?rest_route=%2Fwp%2Fv2%2Fmedia&parent=6"}],"curies":[{"name":"wp","href":"https:\/\/api.w.org\/{rel}","templated":true}]}}